 be 190 + (-3)/6*2. Let f be 573/21 - ((-18)/21)/(-3). What is the greatest common factor of f and a?
27
Let n(c) = -c**2 + 9*c - 9. Let z be n(2). Calculate the greatest common divisor of 115 and z.
5
Let m = 55 + -51. Calculate the highest common divisor of m and 72.
4
Suppose -x + 8 = 3*x. Let n = -23 - -26. Suppose 3*y + 2*q = 28, n*y + 0*y + 5*q - 34 = 0. What is the highest common factor of x and y?
2
Let f = -4 + 28. Let u be (-6)/5*(-80)/f. Let h be 10*u*(-7)/(-5). What is the highest common factor of 14 and h?
14
Suppose 17*x = -15*x + 2624. Calculate the greatest common factor of 287 and x.
41
Let s(f) = 46*f**2 + 11*f - 10. Let v be s(1). What is the highest common divisor of 517 and v?
47
Suppose -2*n = -0*n - 6. Suppose n*z + 3*m = -z + 27, -5*z + 4*m = 5. Suppose z*f = 2*f + 12. What is the greatest common divisor of f and 18?
6
Let m(t) = t**2 - 3*t + 6. Let w be m(2). Let b(g) = g**2 + 3*g + 8. Let c be b(w). What is the highest common divisor of 24 and c?
12
Suppose 18*s + 934 = 1078. Let a be 5/((-10)/(-4))*12. What is the greatest common divisor of s and a?
8
Suppose -273*w + 269*w - 204 = 0. Let r = w - -64. Let l be 414/8 - (-2)/8. What is the greatest common divisor of l and r?
13
Let t(p) = -3*p + 2. Let k be 4*(-3 + 15/6). Let q be t(k). Suppose 3*h - 10 = -2*h. Calculate the highest common factor of q and h.
2
Suppose 6 = 2*m - 2*t, 0*m - 13 = -2*m - 5*t. Let p(q) = 3*q**3 - q + 1. Let r be p(1). Suppose r = -a + 15. Calculate the greatest common factor of m and a.
4
Let c be 36*-21*(-1)/2. Suppose 2*l - 5*l = -c. Suppose s = -0*s + l. Calculate the greatest common divisor of s and 18.
18
Let r be (23 - (-5 - -2))/(8/12). Calculate the highest common divisor of 104 and r.
13
Let c = 47 - 42. Suppose 0 = -c*g - 0 + 5. What is the greatest common divisor of 1 and g?
1
Let t(s) = s**3 - 8*s**2 - 7*s - 10. Let r be 48/120 - 48/(-5). Let d be t(r). Calculate the highest common factor of 10 and d.
10
Let l = 498 + -407. What is the greatest common factor of l and 39?
13
Let b = -29 + 32. Suppose -421 + 109 = -b*p. What is the greatest common factor of p and 13?
13
Let q be (-5)/(-35)*0 + 6 + -1. Suppose 0*x - 3*j - q = 5*x, -x + 7 = -j. Calculate the greatest common divisor of x and 10.
2
Suppose 0*o - 4*i = 2*o - 30, 4*o - 51 = i. Let v = -108 + 212. What is the highest common divisor of v and o?
13
Suppose -33*k = -31*k - 4*r - 108, 0 = 3*k + r - 183. What is the greatest common factor of 40 and k?
20
Let b(j) = -j + 4. Let s be b(1). Suppose 4*x - s*x = 30. What is the highest common divisor of x and 45?
15
Let n = 8 - 14. Let w(f) = -4*f + f - 2*f + 2 - 4. Let g be w(n). Calculate the greatest common divisor of 168 and g.
28
Let a(c) = -11*c**2 - 5*c - 37. Let q(t) = 7*t**2 + 3*t + 25. Let d(k) = 5*a(k) + 8*q(k). Let g be d(4). Calculate the greatest common divisor of g and 189.
27
Suppose 34 - 16 = 2*k. Suppose r = 2*r - 9. Let h be r/6*(10 + 2). What is the greatest common factor of k and h?
9
Let t(o) = o**3 + 5*o**2 - 7*o - 4. Let q be t(-6). Let i(h) = q*h + 1 - h - 3*h**2 + 2*h**2. Let a be i(0). What is the greatest common divisor of a and 11?
1
Let y be (4/(-3))/((-3)/18). Let b(d) = -3*d**2 - 90*d + 72. Let k be b(-30). Calculate the greatest common divisor of k and y.
8
Let u = 310 - 305. Let y(b) = -b**2 - 10*b - 6. Let z be y(-7). Calculate the greatest common factor of z and u.
5
Let m = -209 + 252. What is the highest common factor of 344 and m?
43
Let w(k) = 11*k**2 - 3*k**2 + 95 - 9*k**2 + 2*k. Let o be w(0). What is the greatest common divisor of o and 19?
19
Let l = 572 - 371. Suppose 0 = -5*x - 4*r + l - 33, 0 = -5*x - 2*r + 174. What is the highest common divisor of x and 36?
36
Let p(i) = -i**3 + 10*i**2 + 2*i - 8. Let c be p(10). Suppose 4*h - c = 16. Let a be 5 - -69 - 3/(-1). What is the greatest common divisor of h and a?
7
Suppose -30 = -2*j - 3*j - 3*r, -2*j + 16 = 2*r. Suppose 0 = -j*y - i - i + 9, 2*i - 7 = -y. Calculate the greatest common divisor of y and 11.
1
Let o = -899 + 985. What is the greatest common factor of 344 and o?
86
Suppose -38*k - 864 = -46*k. Calculate the highest common factor of 24 and k.
12
Suppose -3627 = -14*w - 211. What is the greatest common factor of w and 305?
61
Let t be (5/(-1) - (-13)/2)*22. Calculate the greatest common divisor of t and 913.
11
Let w(m) = -13*m**3 - 4*m**2 + 3*m + 6. Let f be w(-2). Calculate the greatest common factor of f and 33.
11
Let v(s) = 3*s**2 + 15*s - 21. Let z be v(-12). Suppose -5*p - w = -2*p - 31, -4*p - 4*w + 36 = 0. Calculate the greatest common factor of p and z.
11
Suppose -161 = 2*q - 2*i - 163, -q = -5*i + 19. What is the highest common divisor of q and 8?
2
Let o(p) = 138*p**2 + 2*p + 4. Let c be o(-3). Suppose 0 = 3*d - 5*t - 925, 0*d + 5*t + c = 4*d. Calculate the highest common divisor of d and 35.
35
Let p be ((-196)/10)/((-22)/10 - -2). Let s = 31 - 17. What is the greatest common divisor of s and p?
14
Suppose 2*l + l = z - 13, 3*z - 19 = 5*l. Let i be ((20 + 0)/l)/(4/(-6)). What is the greatest common divisor of i and 42?
6
Let s be ((-8)/6)/(16/936) - -2. Let g = s - -78. What is the highest common divisor of g and 4?
2
Let y = 7 + 88. Let j = -63 + y. Calculate the highest common divisor of 48 and j.
16
Let d = 10 + -5. What is the highest common divisor of 215 and d?
5
Let b(l) be the third derivative of 5*l**4/24 + 29*l**3/6 + 19*l**2. Let v be b(-5). Calculate the highest common divisor of 8 and v.
4
Suppose -14*i + 172 = -206. What is the highest common factor of i and 21?
3
Let w(k) = k + 771 - k**2 - k**2 + k**2. Let t be w(0). Let r be t/5 - (-8)/(-40). What is the greatest common factor of 14 and r?
14
Let r be (-4)/10*((-36)/(-6) - 21). Calculate the greatest common divisor of 4 and r.
2
Suppose 143*s = 144*s - 18. What is the highest common factor of 18 and s?
18
Suppose 4*p = -3*h + 2829, -4*h - 2*p + p + 3772 = 0. Calculate the highest common factor of 23 and h.
23
Let x(j) be the second derivative of j**5/20 + 2*j**4/3 + j**3/3 + 17*j**2/2 - 15*j. Let n be x(-7). Calculate the highest common divisor of 13 and n.
13
Let q(k) = -2*k - 25. Let d(l) = 9*l - 67. Let a be d(6). Let i be q(a). Calculate the highest common divisor of i and 19.
1
Let n(p) = 18*p. Let x be n(6). Let b be (-1)/(5 + -3)*-2. Let c be b/3 + 350/30. Calculate the greatest common factor of x and c.
12
Suppose 3*z = -2*z + 20. Let d = 21 + -5. Let c = d - 15. What is the greatest common factor of c and z?
1
Let z(f) = 107*f**2 + 1. Let j be z(1). Let u = -43 + 22. Let w = u - -33. Calculate the highest common factor of w and j.
12
Let z(t) = 3*t**2 - 10*t + 74. Let a be z(5). What is the highest common factor of 33 and a?
33
Suppose 0*k = 2*k + 4*u - 848, 1672 = 4*k + 2*u. Calculate the highest common divisor of k and 156.
52
Let o = 10 + 72. Let s = o - 58. What is the greatest common divisor of s and 16?
8
Let j be 54 + -38 + 1 + -11. Suppose -3*l - 4*q + 194 = 0, 5*l + 4*q - 31 - 295 = 0. Calculate the greatest common divisor of j and l.
6
Suppose 23*m - 11722 + 3994 = 0. What is the highest common divisor of m and 144?
48
Suppose 0 = -1702*b + 1695*b + 84. Suppose 2*a - 240 = -5*k, -2*k + 3*a + 32 = -64. Calculate the greatest common factor of b and k.
12
Let r(f) = f**3 + 33*f**2 - 35*f + 2. Let z be r(-34). Calculate the greatest common factor of 8 and z.
4
Suppose 4*l - 10*l = 636. Let x = l - -179. Suppose g + 1 = x. Calculate the highest common factor of 9 and g.
9
Suppose 5*b + 3*s = -2*s - 5, 0 = -3*s + 6. Let j be (b/(3/2))/((-40)/100). What is the highest common divisor of 35 and j?
5
Let d(o) = -2*o + 13. Let k be d(-18). Calculate the greatest common divisor of 70 and k.
7
Let y = -5881 + 5909. Let h be 26/6 - (-2)/(-6). What is the highest common factor of y and h?
4
Suppose -82*o = -84*o + 58. Calculate the greatest common divisor of 29 and o.
29
Let v = 4 - 9. Let y = v - -8. What is the greatest common factor of y and 21?
3
Let d(x) = -x**2 + x + 1. Let c(p) = 19*p**2 - 17*p + 11. Let i(n) = c(n) + 6*d(n). Let q be i(2). What is the greatest common factor of 47 and q?
47
Suppose -1006 - 210 = -38*l. What is the highest common factor of l and 48?
16
Let i(h) = h**2 - 16*h + 69. Let k be i(8). Calculate the high